{"id":446,"date":"2011-08-15T20:52:03","date_gmt":"2011-08-15T20:52:03","guid":{"rendered":"http:\/\/www.dejum.sav.sk\/eduks\/?page_id=446"},"modified":"2024-03-27T09:38:43","modified_gmt":"2024-03-27T09:38:43","slug":"aktivity","status":"publish","type":"page","link":"http:\/\/www.dejum.sav.sk\/eduks\/aktivity\/","title":{"rendered":"AKTIVITY"},"content":{"rendered":"<ul>\n<li><strong>Aktivita 1.1 <\/strong>Vznik n\u00e1rodn\u00e9ho centra excelentnosti pre v\u00fdskum eur\u00f3pskych dimenzi\u00ed umeleckej kult\u00fary Slovenska<\/li>\n<li><strong>Aktivita 1.2 <\/strong>Udr\u017eate\u013en\u00e1 v\u00fdskumn\u00e1 strat\u00e9gia \u2013 vytvorenie vedeck\u00e9ho pl\u00e1nu centra<\/li>\n<li><strong>Aktivita 2.1 <\/strong>Obstaranie pr\u00edstrojov a zariaden\u00ed na zabezpe\u010denie z\u00e1kladn\u00e9ho v\u00fdskumu v oblasti te\u00f3rie a dej\u00edn kult\u00far<\/li>\n<li><strong>Aktivita 3.1 <\/strong>Excelentn\u00fd v\u00fdskum v oblasti te\u00f3rie a dej\u00edn kult\u00fary a disemin\u00e1cia v\u00fdsledkov v\u00fdskumu<\/li>\n<li><strong>Aktivita 3.2 <\/strong>Vytv\u00e1ranie datab\u00e1zy k umeleck\u00e9mu a kult\u00farnemu dedi\u010dstvu Slovenska<\/li>\n<\/ul>\n<p>&nbsp;<\/p>\n","protected":false},"excerpt":{"rendered":"<p>Aktivita 1.1 Vznik n\u00e1rodn\u00e9ho centra excelentnosti pre v\u00fdskum eur\u00f3pskych dimenzi\u00ed umeleckej kult\u00fary Slovenska Aktivita 1.2 Udr\u017eate\u013en\u00e1 v\u00fdskumn\u00e1 strat\u00e9gia \u2013 vytvorenie vedeck\u00e9ho pl\u00e1nu centra Aktivita 2.1 Obstaranie pr\u00edstrojov a zariaden\u00ed na zabezpe\u010denie z\u00e1kladn\u00e9ho v\u00fdskumu v oblasti te\u00f3rie a dej\u00edn kult\u00far Aktivita 3.1 Excelentn\u00fd v\u00fdskum v oblasti te\u00f3rie a dej\u00edn kult\u00fary a disemin\u00e1cia v\u00fdsledkov v\u00fdskumu Aktivita 3.2 [&hellip;]<\/p>\n","protected":false},"author":6,"featured_media":0,"parent":0,"menu_order":0,"comment_status":"closed","ping_status":"open","template":"","meta":[],"_links":{"self":[{"href":"http:\/\/www.dejum.sav.sk\/eduks\/wp-json\/wp\/v2\/pages\/446"}],"collection":[{"href":"http:\/\/www.dejum.sav.sk\/eduks\/wp-json\/wp\/v2\/pages"}],"about":[{"href":"http:\/\/www.dejum.sav.sk\/eduks\/wp-json\/wp\/v2\/types\/page"}],"author":[{"embeddable":true,"href":"http:\/\/www.dejum.sav.sk\/eduks\/wp-json\/wp\/v2\/users\/6"}],"replies":[{"embeddable":true,"href":"http:\/\/www.dejum.sav.sk\/eduks\/wp-json\/wp\/v2\/comments?post=446"}],"version-history":[{"count":15,"href":"http:\/\/www.dejum.sav.sk\/eduks\/wp-json\/wp\/v2\/pages\/446\/revisions"}],"predecessor-version":[{"id":449,"href":"http:\/\/www.dejum.sav.sk\/eduks\/wp-json\/wp\/v2\/pages\/446\/revisions\/449"}],"wp:attachment":[{"href":"http:\/\/www.dejum.sav.sk\/eduks\/wp-json\/wp\/v2\/media?parent=446"}],"curies":[{"name":"wp","href":"https:\/\/api.w.org\/{rel}","templated":true}]}}