{"id":389,"date":"2011-07-26T13:10:06","date_gmt":"2011-07-26T13:10:06","guid":{"rendered":"http:\/\/www.dejum.sav.sk\/eduks\/?page_id=389"},"modified":"2024-03-27T09:38:44","modified_gmt":"2024-03-27T09:38:44","slug":"vysledky-projektu","status":"publish","type":"page","link":"http:\/\/www.dejum.sav.sk\/eduks\/vysledky-projektu\/","title":{"rendered":"V\u00ddSLEDKY PROJEKTU"},"content":{"rendered":"<p style=\"text-align: justify;\">S\u00e9ria monografi\u00ed, vytvoren\u00e1 v priebehu rie\u0161enia projektu bude \u0161irokej slovenskej verejnosti sl\u00fa\u017ei\u0165 ako cenn\u00fd zdroj inform\u00e1ci\u00ed aj po skon\u010den\u00ed rie\u0161enia projektu. Okrem toho v\u0161etky aktivity projektu smeruj\u00fa k tomu, aby sa vytvorila \u013eahko dostupn\u00e1 profesion\u00e1lna dom\u00e1ca elektronick\u00e1 datab\u00e1za pramenn\u00fdch materi\u00e1lov, ktor\u00e1 umo\u017en\u00ed systematicky sk\u00fama\u0165 korene a paralely slovenskej umeleckej kult\u00fary v eur\u00f3pskom kontexte. T\u00fato datab\u00e1zu bude mo\u017en\u00e9 vzh\u013eadom na flexibilnos\u0165 pou\u017eit\u00e9ho m\u00e9dia vyu\u017ei\u0165 pri rozbiehan\u00ed \u010fal\u0161\u00edch vedeck\u00fdch v\u00fdskumn\u00fdch projektov. Konferencie, kolokvi\u00e1, medi\u00e1lne vyst\u00fapenia, \u010dasopiseck\u00e9 publik\u00e1cie a \u010fal\u0161ie pl\u00e1novan\u00e9 aktivity maj\u00fa inform\u00e1cie o elektronickej datab\u00e1ze nielen spr\u00edstupni\u0165, ale z\u00e1rove\u0148 aj propagova\u0165 \u010fal\u0161ie v\u00fdskumn\u00e9 mo\u017enosti jej vyu\u017eitia. Zak\u00fapen\u00e9 pr\u00edstroje umo\u017enia pracova\u0165 s touto datab\u00e1zou na profesion\u00e1lnej \u00farovni a pom\u00f4\u017eu pokra\u010dova\u0165 v jej roz\u0161irovan\u00ed. Datab\u00e1za pramenn\u00fdch materi\u00e1lov bude m\u00f4c\u0165 by\u0165 \u010diasto\u010dne spr\u00edstupnen\u00e1 aj \u0161ir\u0161ej verejnosti v r\u00e1mci projektov aplikovan\u00e9ho v\u00fdskumu, v modifikovanej podobe sa bude da\u0165 uplatni\u0165 pre vzdel\u00e1vacie projekty v rezorte \u0161kolstva. Predn\u00e1\u0161ky zahrani\u010dn\u00fdch experov, ktor\u00e9 s\u00fa s\u00fa\u010das\u0165ou projektu, s\u00fa d\u00f4le\u017eit\u00fdm krokom pre zintenz\u00edvnenie prepojenia dom\u00e1ceho kult\u00farnohistorick\u00e9ho v\u00fdskumu s aktivitami zahrani\u010dn\u00fdch partnerov.<\/p>\n<p style=\"text-align: justify;\">Centrum bude pritom na\u010falej dop\u013a\u0148a\u0165 svoje datab\u00e1zy z\u00edskavan\u00edm nov\u00fdch prame\u0148ov a\u00a0n\u00e1kupom nov\u00fdch datab\u00e1z, distribuovan\u00fdch na d\u00e1tov\u00fdch nosi\u010dov, av\u0161ak v\u00a0men\u0161om meradle ako po\u010das rie\u0161enia projektu. Podobne bude v\u00a0r\u00e1mci svojich mo\u017enost\u00ed pokra\u010dova\u0165 v\u00a0dokument\u00e1cii kult\u00farneho dedi\u010dstva Slovenska, kop\u00edrovan\u00edm a\u00a0rekon\u0161trukciou nov\u00fdch objektov, a\u00a0to aj pre potreby spolo\u010denskej praxe a\u00a0kreat\u00edvneho priemyslu.<\/p>\n<p style=\"text-align: justify;\">N\u00e1klady na \u010fal\u0161iu \u010dinnos\u0165 centra bud\u00fa pokr\u00fdvan\u00e9 z\u00a0viacer\u00fdch zdrojov:<\/p>\n<ul>\n<li style=\"text-align: justify;\">z\u00a0grantov\u00fdch projektov, z\u00edskan\u00fdch z\u00a0v\u00fdziev zo \u0161truktur\u00e1lnych fondov na \u010fal\u0161\u00ed rozvoj centra,<\/li>\n<li style=\"text-align: justify;\">z\u00a0medzin\u00e1rodn\u00fdch grantov\u00fdch projektov odborn\u00fdch pracovn\u00edkov centra,<\/li>\n<li style=\"text-align: justify;\">z\u00a0dom\u00e1cich grantov\u00fdch projektov odborn\u00fdch pracovn\u00edkov centra,<\/li>\n<li style=\"text-align: justify;\"> z\u00a0rozpo\u010dtu \u017eiadate\u013ea a partnerov<\/li>\n<\/ul>\n","protected":false},"excerpt":{"rendered":"<p>S\u00e9ria monografi\u00ed, vytvoren\u00e1 v priebehu rie\u0161enia projektu bude \u0161irokej slovenskej verejnosti sl\u00fa\u017ei\u0165 ako cenn\u00fd zdroj inform\u00e1ci\u00ed aj po skon\u010den\u00ed rie\u0161enia projektu. Okrem toho v\u0161etky aktivity projektu smeruj\u00fa k tomu, aby sa vytvorila \u013eahko dostupn\u00e1 profesion\u00e1lna dom\u00e1ca elektronick\u00e1 datab\u00e1za pramenn\u00fdch materi\u00e1lov, ktor\u00e1 umo\u017en\u00ed systematicky sk\u00fama\u0165 korene a paralely slovenskej umeleckej kult\u00fary v eur\u00f3pskom kontexte. T\u00fato datab\u00e1zu [&hellip;]<\/p>\n","protected":false},"author":6,"featured_media":0,"parent":0,"menu_order":0,"comment_status":"closed","ping_status":"open","template":"","meta":[],"_links":{"self":[{"href":"http:\/\/www.dejum.sav.sk\/eduks\/wp-json\/wp\/v2\/pages\/389"}],"collection":[{"href":"http:\/\/www.dejum.sav.sk\/eduks\/wp-json\/wp\/v2\/pages"}],"about":[{"href":"http:\/\/www.dejum.sav.sk\/eduks\/wp-json\/wp\/v2\/types\/page"}],"author":[{"embeddable":true,"href":"http:\/\/www.dejum.sav.sk\/eduks\/wp-json\/wp\/v2\/users\/6"}],"replies":[{"embeddable":true,"href":"http:\/\/www.dejum.sav.sk\/eduks\/wp-json\/wp\/v2\/comments?post=389"}],"version-history":[{"count":5,"href":"http:\/\/www.dejum.sav.sk\/eduks\/wp-json\/wp\/v2\/pages\/389\/revisions"}],"predecessor-version":[{"id":1550,"href":"http:\/\/www.dejum.sav.sk\/eduks\/wp-json\/wp\/v2\/pages\/389\/revisions\/1550"}],"wp:attachment":[{"href":"http:\/\/www.dejum.sav.sk\/eduks\/wp-json\/wp\/v2\/media?parent=389"}],"curies":[{"name":"wp","href":"https:\/\/api.w.org\/{rel}","templated":true}]}}