{"id":383,"date":"2011-07-26T13:07:08","date_gmt":"2011-07-26T13:07:08","guid":{"rendered":"http:\/\/www.dejum.sav.sk\/eduks\/?page_id=383"},"modified":"2024-03-27T09:38:43","modified_gmt":"2024-03-27T09:38:43","slug":"specificke-ciele-projektu","status":"publish","type":"page","link":"http:\/\/www.dejum.sav.sk\/eduks\/specificke-ciele-projektu\/","title":{"rendered":"\u0160PECIFICK\u00c9 CIELE PROJEKTU"},"content":{"rendered":"<h3 style=\"text-align: justify;\"><span style=\"text-decoration: underline;\"><strong> \u0160pecifick\u00fd cie\u013e 1: <\/strong><\/span><br \/>\n<strong> <\/strong><\/h3>\n<p><strong>Zalo\u017eenie a udr\u017eate\u013en\u00e9 fungovanie  N\u00e1rodn\u00e9ho centra excelentnosti pre v\u00fdskum eur\u00f3pskych dimenzi\u00ed umeleckej  kult\u00fary Slovenska<\/strong><br \/>\n<strong> <\/strong><\/p>\n<p style=\"text-align: justify;\"><strong>Zd\u00f4vodnenie: <\/strong>vytvoren\u00edm\u00a0 N\u00e1rodn\u00e9ho centra excelentnosti pre v\u00fdskum eur\u00f3pskych dimenzi\u00ed umeleckej   kult\u00fary Slovenska sa otvor\u00ed in\u0161titucion\u00e1lny predpoklad pre excelentn\u00fd v\u00fdskum v oblasti kult\u00farneho a  umeleck\u00e9ho dedi\u010dstva Slovenska prostredn\u00edctvom integr\u00e1cie doteraj\u0161\u00edch  v\u00fdskumn\u00fdch kapac\u00edt a formulovania koordinovanej strat\u00e9gie. Centrum bude profilovan\u00e9 v r\u00e1mci realiz\u00e1cie projektu tak,\u00a0 aby predstavovalo samostatn\u00fd celok, ktor\u00fd si v r\u00e1mci implement\u00e1cie aktiv\u00edt projektu bude vy\u017eadova\u0165 realiz\u00e1ciu s\u00faboru integra\u010dno-organiza\u010dn\u00fdch opatren\u00ed a zadefinovanie pravidiel fungovania jednotliv\u00fdch s\u00fa\u010dast\u00ed centra  navz\u00e1jom tak, aby centrum excelentnosti malo \u010do  mo\u017eno najv\u00e4\u010d\u0161\u00ed spolo\u010densko-hospod\u00e1rsky pr\u00ednos pre \u0161t\u00e1t a najm\u00e4 regi\u00f3n.<\/p>\n<p style=\"text-align: justify;\"><strong>\u0160trukt\u00fara z\u00e1kladn\u00fdch skup\u00edn aktiv\u00edt pre \u0161pecifick\u00fd cie\u013e 1:<\/strong><\/p>\n<ul>\n<li>zalo\u017eenie centra a jeho denn\u00e1 \u201eprev\u00e1dzka\u201c<\/li>\n<li>definovanie  dlhodob\u00e9ho v\u00fdskumn\u00e9ho pl\u00e1nu centra a v r\u00e1mci neho pr\u00edpravy nov\u00fdch  v\u00fdskumn\u00fdch z\u00e1merov a projektov centra s d\u00f4razom na medzin\u00e1rodn\u00fa  vedecko-technick\u00fa spolupr\u00e1cu<\/li>\n<\/ul>\n<h3><span style=\"text-decoration: underline;\"><strong>\u0160pecifick\u00fd cie\u013e 2: <\/strong><\/span><\/h3>\n<p><strong>Zabezpe\u010denie  modernej infra\u0161trukt\u00fary, pr\u00edstrojov\u00e9ho vybavenia a informa\u010dn\u00e9ho z\u00e1zemia  centra<\/strong><br \/>\n<strong> <\/strong><\/p>\n<p style=\"text-align: justify;\"><strong>Zd\u00f4vodnenie: <\/strong><strong> <\/strong>vytvoren\u00edm\u00a0 N\u00e1rodn\u00e9ho centra excelentnosti pre v\u00fdskum  eur\u00f3pskych dimenzi\u00ed umeleckej   kult\u00fary Slovenska sa eliminuj\u00fa logistick\u00e9 prek\u00e1\u017eky v\u00fdskumu, vypl\u00fdvaj\u00face hlavne zo spolo\u010densko-politick\u00fdch a  ekonomick\u00fdch real\u00edt, ktor\u00e9 determinovali podmienky v\u00fdskumu prostredn\u00edctvom obmedzen\u00fdch mo\u017enost\u00ed pr\u00edstupu k informa\u010dn\u00fdm zdrojom (kni\u017eniciam, arch\u00edvom,  m\u00faze\u00e1m, datab\u00e1zam a pod.), potrebn\u00fdm\u00a0 pre realiz\u00e1ciu \u0161pi\u010dkov\u00e9ho  v\u00fdskumu. Excelentn\u00fd v\u00fdskum v dne\u0161nej dobe nie je mo\u017en\u00e9  realizova\u0165 bez  pr\u00edtomnosti a vyu\u017eitia modern\u00fdch IKT technol\u00f3gi\u00ed, pri\u010dom IKT zlo\u017eka predkladan\u00e9ho  projektu jednak  umo\u017en\u00ed prepojenie pracov\u00edsk centra excelentnosti a s\u00fa\u010dasne  za vyu\u017eitia\u00a0 IKT n\u00e1strojov\u00a0 bude mo\u017en\u00e9 efekt\u00edvnej\u0161ie realizova\u0165  disemina\u010dn\u00e9 aktivity  centra, ako aj organizova\u0165 samotn\u00fd v\u00fdskum.<br \/>\n<strong> <\/strong><\/p>\n<p><strong>\u0160trukt\u00fara z\u00e1kladn\u00fdch skup\u00edn  aktiv\u00edt pre \u0161pecifick\u00fd cie\u013e 2:<\/strong><\/p>\n<ul>\n<li>pr\u00edstrojov\u00e9 dovybavenie centra v jednotliv\u00fdch tematick\u00fdch  oblastiach v p\u00f4sobnosti centra<\/li>\n<li>dobudovanie spolo\u010dnej IKT  infra\u0161trukt\u00fary centra<\/li>\n<\/ul>\n<h3><span style=\"text-decoration: underline;\"><strong>\u0160pecifick\u00fd  cie\u013e 3: <\/strong><\/span><br \/>\n<strong> <\/strong><\/h3>\n<p><strong>Vytvorenie systematick\u00e9ho z\u00e1zemia pre \u0161pi\u010dkov\u00fd v\u00fdskum v r\u00e1mci  centra s vyu\u017eit\u00edm novej infra\u0161trukt\u00fary (datab\u00e1za).<\/strong><br \/>\n<strong><\/strong><\/p>\n<p style=\"text-align: justify;\"><strong>Zd\u00f4vodnenie:<\/strong> potreba pravidelnej a priebe\u017enej vedeckej a v\u00fdskumnej pr\u00e1ce, ktor\u00e1 je zalo\u017een\u00e1 na systematickom spracov\u00e1van\u00ed\u00a0 z\u00edskan\u00fdch \u00fadajov (vytvorenie datab\u00e1zy\/ elektronickej kni\u017enice), ako aj potreba zintenz\u00edvnenia existuj\u00facej spolupr\u00e1ce vo v\u00fdskume a v\u00fdvoji  v r\u00e1mci eur\u00f3pskeho v\u00fdskumn\u00e9ho priestoru prostredn\u00edctvom aktiv\u00edt N\u00e1rodn\u00e9ho centra excelentnosti pre v\u00fdskum  eur\u00f3pskych dimenzi\u00ed umeleckej    kult\u00fary Slovenska a jeho technickej infra\u0161trukt\u00fary vyu\u017e\u00edvaj\u00facej IKT n\u00e1stroje komunik\u00e1cie, vzdel\u00e1vania, zdie\u013eania a transferu inform\u00e1ci\u00ed a d\u00e1t pre odborn\u00fa i laick\u00fa verejnos\u0165.<\/p>\n<p><strong>\u0160trukt\u00fara z\u00e1kladn\u00fdch skup\u00edn  aktiv\u00edt pre \u0161pecifick\u00fd cie\u013e 3:<\/strong><\/p>\n<ul>\n<li>excelentn\u00fd v\u00fdskum v oblasti te\u00f3rie a dej\u00edn kult\u00fary a disemin\u00e1cia v\u00fdsledkov v\u00fdskumu<\/li>\n<li>vytv\u00e1ranie datab\u00e1zy k umeleck\u00e9mu a kult\u00farnemu dedi\u010dstvu Slovenska<\/li>\n<\/ul>\n","protected":false},"excerpt":{"rendered":"<p>\u0160pecifick\u00fd cie\u013e 1: Zalo\u017eenie a udr\u017eate\u013en\u00e9 fungovanie N\u00e1rodn\u00e9ho centra excelentnosti pre v\u00fdskum eur\u00f3pskych dimenzi\u00ed umeleckej kult\u00fary Slovenska Zd\u00f4vodnenie: vytvoren\u00edm\u00a0 N\u00e1rodn\u00e9ho centra excelentnosti pre v\u00fdskum eur\u00f3pskych dimenzi\u00ed umeleckej kult\u00fary Slovenska sa otvor\u00ed in\u0161titucion\u00e1lny predpoklad pre excelentn\u00fd v\u00fdskum v oblasti kult\u00farneho a umeleck\u00e9ho dedi\u010dstva Slovenska prostredn\u00edctvom integr\u00e1cie doteraj\u0161\u00edch v\u00fdskumn\u00fdch kapac\u00edt a formulovania koordinovanej strat\u00e9gie. Centrum bude profilovan\u00e9 [&hellip;]<\/p>\n","protected":false},"author":6,"featured_media":0,"parent":0,"menu_order":0,"comment_status":"closed","ping_status":"open","template":"","meta":[],"_links":{"self":[{"href":"http:\/\/www.dejum.sav.sk\/eduks\/wp-json\/wp\/v2\/pages\/383"}],"collection":[{"href":"http:\/\/www.dejum.sav.sk\/eduks\/wp-json\/wp\/v2\/pages"}],"about":[{"href":"http:\/\/www.dejum.sav.sk\/eduks\/wp-json\/wp\/v2\/types\/page"}],"author":[{"embeddable":true,"href":"http:\/\/www.dejum.sav.sk\/eduks\/wp-json\/wp\/v2\/users\/6"}],"replies":[{"embeddable":true,"href":"http:\/\/www.dejum.sav.sk\/eduks\/wp-json\/wp\/v2\/comments?post=383"}],"version-history":[{"count":11,"href":"http:\/\/www.dejum.sav.sk\/eduks\/wp-json\/wp\/v2\/pages\/383\/revisions"}],"predecessor-version":[{"id":385,"href":"http:\/\/www.dejum.sav.sk\/eduks\/wp-json\/wp\/v2\/pages\/383\/revisions\/385"}],"wp:attachment":[{"href":"http:\/\/www.dejum.sav.sk\/eduks\/wp-json\/wp\/v2\/media?parent=383"}],"curies":[{"name":"wp","href":"https:\/\/api.w.org\/{rel}","templated":true}]}}